posite number?
True
Is 42787 a prime number?
True
Is 154243 a prime number?
True
Is 108751 a composite number?
False
Is 10921 composite?
True
Is 70481 a prime number?
True
Is 278 composite?
True
Is 1494361 a composite number?
True
Is 5951 a composite number?
True
Is 1033629 a composite number?
True
Is 438017 a composite number?
False
Is 2333 a composite number?
False
Is 12373 a composite number?
False
Is 6863 composite?
False
Is 157543 prime?
True
Is 919 a composite number?
False
Is 1197881 a composite number?
False
Is 5909763 prime?
False
Is 35147 a composite number?
True
Is 9941 a composite number?
False
Is 234007 a composite number?
False
Is 325201 prime?
True
Is 101683 prime?
False
Is 10133 a composite number?
False
Is 220279 a prime number?
True
Is 3653 prime?
False
Is 278777 prime?
False
Is 435529 a prime number?
True
Is 32233 a prime number?
True
Is 237733 a composite number?
False
Is 85661 prime?
True
Is 83455 a composite number?
True
Is 587266 a composite number?
True
Is 72317 a prime number?
False
Is 593587 prime?
True
Is 30907 prime?
False
Is 1066321 prime?
False
Is 20507 composite?
False
Is 6326 a prime number?
False
Is 6947 composite?
False
Is 145921 a composite number?
True
Is 6313 prime?
False
Is 3829 prime?
False
Is 3941 prime?
False
Is 12461 a prime number?
False
Is 22937 prime?
True
Is 700019 a prime number?
False
Is 760453 prime?
True
Is 71719 a composite number?
False
Is 240947 a composite number?
True
Is 65257 composite?
False
Is 265931 a composite number?
True
Is 654635 prime?
False
Is 1087 a composite number?
False
Is 595303 composite?
False
Is 7361 a prime number?
False
Is 7103 a composite number?
False
Is 6043 prime?
True
Is 693943 composite?
False
Is 10237 a prime number?
False
Is 34583 composite?
False
Is 197783 prime?
False
Is 6997 a prime number?
True
Is 10991 a prime number?
False
Is 216271 a composite number?
True
Is 238897 composite?
False
Is 1931 a composite number?
False
Is 259 a prime number?
False
Is 2491663 a composite number?
True
Is 54449 prime?
True
Is 57415 composite?
True
Is 111409 prime?
True
Is 5519 prime?
True
Is 9883 prime?
True
Is 85213 a prime number?
True
Is 165779 a prime number?
True
Is 1174 prime?
False
Is 13327 a prime number?
True
Is 424343 a prime number?
True
Is 32309 a prime number?
True
Is 1369247 composite?
True
Is 10771 composite?
False
Is 21647 composite?
False
Is 479 composite?
False
Is 9235 a composite number?
True
Is 780029 composite?
False
Is 4647 a prime number?
False
Is 23271 a prime number?
False
Is 381671 a composite number?
True
Is 487133 composite?
False
Is 2774237 a prime number?
False
Is 12143 a prime number?
True
Is 112327 a composite number?
False
Is 519557 a prime number?
False
Is 68599 prime?
False
Is 21467 a prime number?
True
Is 21363 a prime number?
False
Is 35285 composite?
True
Is 79 a composite number?
False
Is 6521 a composite number?
False
Is 57413 prime?
True
Is 3310987 a prime number?
True
Is 29437 composite?
False
Is 29983 prime?
True
Is 21047 a composite number?
True
Is 690103 a prime number?
True
Is 19841 a composite number?
False
Is 729139 a composite number?
False
Is 1406981 a composite number?
True
Is 74593 prime?
False
Is 1009 a composite number?
False
Is 1070899 composite?
False
Is 70558 prime?
False
Is 46897 a composite number?
True
Is 9197 a prime number?
False
Is 927149 a prime number?
True
Is 369277 a composite number?
True
Is 266759 prime?
True
Is 25717 composite?
False
Is 9259 a composite number?
True
Is 22461 composite?
True
Is 24501 prime?
False
Is 51109 prime?
True
Is 26747 a prime number?
False
Is 596839 composite?
False
Is 17441 a composite number?
True
Is 175669 a prime number?
False
Is 62459 composite?
False
Is 105663 a prime number?
False
Is 349567 composite?
False
Is 10297 composite?
True
Is 489587 a composite number?
True
Is 82751 a composite number?
True
Is 77186 a prime number?
False
Is 401 composite?
False
Is 1237165 composite?
True
Is 10663 prime?
True
Is 139193 a prime number?
False
Is 17827 a prime number?
True
Is 9941 a prime number?
True
Is 2088159 prime?
False
Is 64871 a composite number?
False
Is 1321783 composite?
True
Is 8879659 composite?
False
Is 43661 prime?
True
Is 688943 a composite number?
True
Is 720377 a prime number?
False
Is 14239 a prime number?
False
Is 312821 a composite number?
True
Is 794221 prime?
True
Is 73946 a composite number?
True
Is 5111 a composite number?
True
Is 721733 prime?
True
Is 1459985 prime?
False
Is 1291 a composite number?
False
Is 233591 prime?
True
Is 6073 a prime number?
True
Is 33409 composite?
False
Is 38131 prime?
False
Is 37841 a composite number?
True
Is 5663 composite?
True
Is 28979 a prime number?
True
Is 3031 composite?
True
Is 671189 composite?
False
Is 19937 a composite number?
False
Is 557423 a composite number?
False
Is 77797 prime?
True
Is 5627 composite?
True
Is 128813 a prime number?
True
Is 63149 a composite number?
False
Is 38039 a prime number?
True
Is 188261 composite?
False
Is 59 composite?
False
Is 1597 a prime number?
True
Is 631 prime?
True
Is 1338967 a composite number?
True
Is 1645643 a composite number?
False
Is 111467 prime?
True
Is 121123 a prime number?
True
Is 19531 a composite number?
False
Is 18973 prime?
True
Is 106487 a composite number?
False
Is 2664167 a prime number?
False
Is 398843 composite?
True
Is 42971 a prime number?
False
Is 2271 prime?
False
Is 6959 composite?
False
Is 20279 composite?
True
Is 1514901 prime?
False
Is 36251 prime?
True
Is 45089 composite?
True
Is 233141 a prime number?
True
Is 907 composite?
False
Is 10369 a prime number?
True
Is 3409 composite?
True
Is 2648059 composite?
True
Is 1258943 a prime number?
False
Is 50213 prime?
False
Is 59317 composite?
True
Is 342673 a prime number?
True
Is 979 prime?
False
Is 1439 prime?
True
Is 2177 a composite number?
True
Is 661823 a prime number?
True
Is 5051 a composite number?
False
Is 13591 prime?
True
Is 10007 prime?
True
Is 1847 prime?
True
Is 88919 composite?
False
Is 65827 composite?
False
Is 248711 composite?
True
Is 59921 a composite number?
False
Is 1230461 a composite number?
False
Is 21077 prime?
False
Is 914111 a composite number?
True
Is 1184801 prime?
False
Is 1093133 prime?
True
Is 25739 prime?
False
Is 60037 a prime number?
True
Is 251 a composite number?
False
Is 285449 composite?
True
Is 69587 a prime number?
False
Is 141481 composite?
False
Is 325931 prime?
False
Is 5509 composite?
True
Is 133769 composite?
False
Is 164377 prime?
True
Is 109993 a prime number?
False
Is 1050281 prime?
True
Is 24317 composite?
False
Is 20231 a prime number?
True
Is 340463 a composite number?
True
Is 66017 a prime number?
False
Is 93921 a composite number?
True
Is 98803 a prime number?
False
Is 267118 prime?
False
Is 71086 composite?
True
Is 398969 composite?
False
Is 254489 a composite number?
False
Is 7151 composite?
False
Is 12003 prime?
False
Is 588433 a composite number?
False
Is 100587 prime?
False
Is 665519 prime?
False
Is 290083 a composite number?
False
Is 109423 composite?
False
Is 13001 composite?
False
Is 234713 prime?
True
Is 13705 a prime number?
False
Is 111409 composite?
False
Is 479 a prime number?
True
Is 219277 a composite number?
False
Is 2759 a prime number?
False
Is 18607 composite?
True
Is 38443 a composite number?
True
Is 409601 composite?
True
Is 86161 composite?
False
Is 1943 a composite number?
True
Is 7151 a composite number?
False
Is 671343 composite?
True
Is 1343 composite?
True
Is 1087 prime?
True
Is 10781 a composite number?
False
Is 18457 a composite number?
False
Is 159013 a prime number?
True
Is 480071 prime?
True
Is 85331 composite?
False
Is 257003 prime?
True
Is 112561 a composite number?
True
Is 1069 prime?
True
Is 698729 prime?
True
Is 338119 prime?
True
Is 164807 a composite number?
True
Is 5171 a prime number?
True
Is 3226097 prime?
False
Is 195142 a prime number?
False
Is 175519 composite?
False
Is 35359 composite?
True
Is 7529 a prime number?
True
Is 18119 a prime number?
True
Is 8403 a composite number?
True
Is 437585 a composite number?
True
Is 51931 prime?
False
Is 4663 composite?
False
Is 97 prime?
True
Is 1913 prime?
True
Is 8887 a composite number?
False
Is 4061 a prime number?
False
Is 1673549 a prime number?
False
Is 118127 prime?
True